0839867?
False
Does 78 divide 2008365?
False
Does 34 divide 80731640?
True
Does 2046 divide 152798604?
False
Is 870867364 a multiple of 4?
True
Is 42344113 a multiple of 13?
False
Is 1839503 a multiple of 3?
False
Is 3022602461 a multiple of 68?
False
Does 413 divide 12659276?
True
Is 15416712 a multiple of 524?
False
Does 13 divide 3102403720?
True
Is 1779 a factor of 270234409?
False
Is 1283 a factor of 10224023?
False
Is 6 a factor of 28214818?
False
Does 2882 divide 162222904?
False
Is 40670590 a multiple of 10?
True
Does 12 divide 16262136?
True
Is 67882500 a multiple of 1260?
True
Is 766680732 a multiple of 3149?
True
Is 26 a factor of 421094553?
False
Does 1645 divide 4794632?
False
Is 39495126 a multiple of 91?
False
Is 621620568 a multiple of 2088?
True
Does 8 divide 30312131?
False
Does 3 divide 222257454?
True
Is 47294505 a multiple of 435?
True
Does 19 divide 20196364?
False
Is 25 a factor of 2370300?
True
Does 36 divide 1365536880?
True
Does 65 divide 89935449?
False
Is 683909894 a multiple of 8?
False
Does 24 divide 2147195856?
True
Is 99774114 a multiple of 11?
True
Is 30 a factor of 104000880?
True
Is 70340181 a multiple of 37?
False
Does 2004 divide 252858708?
True
Is 35 a factor of 89127010?
True
Is 1173768 a multiple of 3?
True
Does 451 divide 26643370?
False
Is 2989 a factor of 199305825?
False
Is 545 a factor of 191553385?
False
Is 50840460 a multiple of 45?
True
Is 129 a factor of 2184206485?
False
Is 13682909 a multiple of 17?
True
Is 982 a factor of 117041642?
False
Is 128802829 a multiple of 391?
True
Is 46864345 a multiple of 26?
False
Does 13 divide 532465987?
False
Is 62898731 a multiple of 283?
True
Is 73697616 a multiple of 29?
False
Is 39 a factor of 1352119?
False
Is 4065633 a multiple of 13?
True
Does 52 divide 12400613?
False
Is 237871242 a multiple of 39?
False
Is 787021942 a multiple of 5176?
False
Does 15 divide 1499900850?
True
Does 589 divide 187098526?
False
Is 7 a factor of 3084113963?
True
Is 15950172 a multiple of 17?
False
Is 129649112 a multiple of 12?
False
Is 933 a factor of 30578142?
True
Does 1033 divide 713838?
False
Is 38976275 a multiple of 932?
False
Does 50 divide 2636950?
True
Does 13 divide 25297688?
True
Does 153 divide 9137313?
True
Is 25114677 a multiple of 623?
False
Is 68 a factor of 959851172?
False
Does 36 divide 25812457?
False
Does 17 divide 573608424?
True
Is 477416268 a multiple of 798?
True
Is 791811306 a multiple of 338?
True
Is 5089 a factor of 264984230?
True
Is 1046891510 a multiple of 265?
True
Does 7 divide 3910445?
True
Does 39 divide 199491201?
True
Is 6815 a factor of 2088994755?
False
Is 765 a factor of 3077523855?
True
Is 81 a factor of 17950815?
True
Does 323 divide 3341995523?
False
Is 291 a factor of 12562179?
True
Does 1354 divide 965759456?
True
Is 291 a factor of 65356344?
False
Is 2632278897 a multiple of 1932?
False
Is 175513640 a multiple of 3902?
False
Is 20256656 a multiple of 17?
True
Is 25525080 a multiple of 90?
True
Is 1357 a factor of 38133165?
False
Does 1908 divide 209780784?
True
Is 17934064 a multiple of 16?
True
Is 1068 a factor of 285029976?
True
Is 17202307 a multiple of 3?
False
Is 2570316 a multiple of 105?
False
Is 855230432 a multiple of 38?
True
Is 30 a factor of 3866988?
False
Does 21 divide 86592989?
False
Does 18 divide 80403842?
False
Does 5211 divide 235203696?
True
Does 1255 divide 220355410?
True
Is 13 a factor of 234829627?
False
Is 87605764 a multiple of 827?
True
Is 26 a factor of 204550190?
True
Is 23 a factor of 254030891?
False
Does 40 divide 3872520?
True
Is 14 a factor of 1124041604?
True
Is 1012824674 a multiple of 34?
True
Does 355 divide 52619784?
False
Is 1405801265 a multiple of 5?
True
Is 31 a factor of 86938594?
False
Is 2 a factor of 44874080?
True
Is 813 a factor of 50660469?
True
Is 10 a factor of 980776460?
True
Does 2324 divide 43613633?
False
Is 1115 a factor of 34995414?
False
Is 3143 a factor of 1612280425?
True
Is 27941904 a multiple of 366?
True
Is 25 a factor of 166265800?
True
Is 21038098 a multiple of 308?
False
Does 896 divide 23168768?
True
Is 4010 a factor of 5141771221?
False
Is 344 a factor of 6336107?
False
Does 256 divide 75597312?
True
Is 326675980 a multiple of 30?
False
Is 6524448 a multiple of 168?
True
Is 219 a factor of 765869061?
True
Is 332 a factor of 55701300?
True
Is 64 a factor of 3105917586?
False
Is 85 a factor of 547318740?
True
Is 46968352 a multiple of 29?
False
Does 260 divide 318583249?
False
Is 6 a factor of 241098696?
True
Is 5 a factor of 401011237?
False
Does 3 divide 1302270540?
True
Is 21 a factor of 82511478?
True
Is 8496576 a multiple of 22?
True
Is 33 a factor of 490670400?
True
Is 129 a factor of 281723487?
True
Is 162023220 a multiple of 1143?
False
Does 61 divide 50650324?
False
Is 21 a factor of 37059120?
True
Is 16157001 a multiple of 799?
False
Is 200 a factor of 9247600?
True
Is 23196534 a multiple of 119?
False
Does 386 divide 195123833?
False
Is 93 a factor of 7860517?
False
Is 32 a factor of 28798688?
True
Does 467 divide 436967697?
True
Does 13 divide 45927544?
True
Is 65432328 a multiple of 288?
False
Does 75 divide 12586500?
True
Does 1188 divide 4909744683?
False
Is 12 a factor of 105714096?
True
Does 6 divide 833684727?
False
Is 247 a factor of 99114925?
True
Does 11 divide 2242768?
True
Is 10299073 a multiple of 10?
False
Is 380 a factor of 317868860?
True
Is 4819340456 a multiple of 336?
False
Is 7190853890 a multiple of 110?
True
Is 19 a factor of 348825943?
False
Does 216 divide 48784896?
True
Is 5018422 a multiple of 63?
False
Is 553432980 a multiple of 12?
True
Is 2387 a factor of 113344858?
False
Is 571 a factor of 85436446?
True
Does 510 divide 20597059?
False
Is 210764911 a multiple of 68?
False
Is 654 a factor of 147167004?
True
Is 1703115340 a multiple of 294?
False
Is 4767504 a multiple of 4?
True
Is 41429226 a multiple of 647?
False
Is 972 a factor of 5275561?
False
Is 714 a factor of 379588104?
True
Does 91 divide 753308101?
True
Is 2 a factor of 82005852?
True
Is 113926110 a multiple of 143?
False
Does 270 divide 36805727?
False
Is 51508803 a multiple of 18?
False
Is 69730038 a multiple of 1314?
True
Is 1072 a factor of 1338981600?
True
Is 34211752 a multiple of 1819?
True
Does 32 divide 2609718982?
False
Does 98 divide 553900908?
False
Is 105008694 a multiple of 34?
True
Is 237 a factor of 150140941?
False
Does 524 divide 55423030?
False
Is 169537362 a multiple of 487?
True
Is 842778475 a multiple of 2685?
False
Is 8802508 a multiple of 15?
False
Is 25 a factor of 475754119?
False
Is 689101682 a multiple of 212?
False
Does 5 divide 35378942?
False
Does 3144 divide 98341176?
True
Is 2550 a factor of 516173550?
True
Is 55346186 a multiple of 8?
False
Is 45 a factor of 17883135?
True
Does 52 divide 2027689560?
True
Is 726945800 a multiple of 24?
False
Is 30773673 a multiple of 818?
False
Does 1767 divide 1290523929?
False
Is 797004 a multiple of 16?
False
Is 150 a factor of 10143600?
True
Is 24373965 a multiple of 33?
True
Is 359833151 a multiple of 619?
False
Is 350610720 a multiple of 3?
True
Is 115 a factor of 11723100?
True
Is 2628690 a multiple of 2?
True
Is 169 a factor of 517477467?
False
Is 2337340515 a multiple of 121?
False
Is 11193255 a multiple of 332?
False
Is 26264330 a multiple of 28?
False
Does 633 divide 629531160?
True
Is 1654350 a multiple of 150?
True
Is 76931256 a multiple of 3491?
False
Is 1416 a factor of 904018454?
False
Does 3906 divide 343513170?
True
Is 469850138 a multiple of 28?
False
Is 3348048 a multiple of 68?
True
Is 1997062 a multiple of 3?
False
Is 80572800 a multiple of 6600?
True
Is 98405299 even?
False
Is 6845022 a multiple of 163?
True
Is 60234788 a multiple of 19?
True
Does 555 divide 41081617?
False
Is 82581644 a multiple of 5?
False
Is 451 a factor of 1818883?
True
Is 23 a factor of 601717398?
True
Is 60872640 a multiple of 192?
True
Is 1765 a factor of 1619096275?
True
Is 393703245 a multiple of 2535?
True
Is 363816360 a multiple of 196?
False
Is 321 a factor of 13313156?
False
Is 135342000 a multiple of 40?
True
Is 28418275 a multiple of 8?
False
Does 363 divide 6258559?
False
Is 99364320 a multiple of 880?
True
Is 141 a factor of 33393735?
True
Is 61095092 a multiple of 1935?
False
Is 557 a fa